
Let p = -5 + 8. Let k(x) = 2*x - p - 2*x - x**2 - 8*x. What is the units digit of k(-5)?
2
Suppose 0 = -5*r - 4*g - 0*g - 1, 0 = 3*g + 12. Suppose -2 = -r*s + 2*s. Suppose -3*x = 5*v - 4*x - 18, -s*v = 5*x + 9. What is the units digit of v?
3
Let p(r) be the second derivative of r**4/12 + r**3 + 3*r**2 - r. What is the units digit of p(-5)?
1
Suppose 5*t + 25 = 0, -3*g + g + 31 = t. Suppose c - g = -4. Suppose -4*q + c = 2. What is the units digit of q?
3
Let z be 4/10 - 26/(-10). Let w = z + -3. Suppose -4*p = -2*p - 10, 4*d - 2*p + 2 = w. What is the units digit of d?
2
Suppose -4*h + 7*w - 4*w + 159 = 0, -4*h - 3*w = -177. What is the units digit of h?
2
Let l be 4 - 2 - (-42 - -1). Suppose z - 2*b - 27 = -6*b, -3*b = -2*z + l. Let w = z - 14. What is the units digit of w?
9
Suppose 0*d = 3*d + 21. Let u be (0 + d)/(-2 + 1). Suppose -4*r = -u*r - 5*v + 43, 4*v - 14 = r. What is the units digit of r?
6
What is the units digit of ((-555)/(-6))/(4/(32/4))?
5
Let x be 2/(-12) - 219/(-18). Suppose -s + 45 = x. What is the tens digit of s?
3
Suppose -4*a = 16, 1 = 2*o + 3*a + 3. Let u = 4 + o. Suppose 4*c - u = c. What is the units digit of c?
3
Let g(v) = v**3 + 6*v**2 + 7*v + 9. Let y be g(-6). Let t = -23 - y. What is the tens digit of t?
1
Let f(s) be the second derivative of 4*s**2 + 3/2*s**3 + 1/12*s**4 - s + 0. What is the units digit of f(-9)?
8
Suppose 3*p - p = a + 41, -2*p + 56 = 2*a. What is the units digit of p?
3
Let x = 13 - 8. Let d = x + 3. What is the units digit of d?
8
Let x = -11 + 19. Suppose t - 3*s + 5 = 0, -2*t + 2 = -2*s - x. What is the tens digit of t?
1
Let r = -7 + 43. Suppose 0*z + 12 = 3*z. Suppose -z*h + q + 44 = 0, -2*h + r = -4*q - 0. What is the units digit of h?
0
Let b be ((-4)/(-10))/(2/10). Suppose -m - b*x = 3*m - 42, 9 = m - x. Suppose -4*n = 4*c - 2 - 26, n = -2*c + m. What is the units digit of n?
4
Let a(y) = -y**3 + 3*y**2 + 4*y - 6. Let x be a(4). What is the units digit of x/15 + (-96)/(-15)?
6
Let v(q) = q - 2 - 2*q**3 + 4*q**3 + 1. Let g be v(1). Suppose a - 6 = -w, -15 = -g*w - 0*w - 3*a. What is the units digit of w?
3
Let i(u) = -u**3 - u**2 - 2*u + 3. Suppose -4 = -2*s, f = 2*f + 5*s - 7. What is the units digit of i(f)?
7
Suppose -6*p = -0*p - 348. What is the units digit of p?
8
Suppose n - 3*r - 5 = -15, 0 = -3*r + 12. Suppose n*g = 6*g - 8. What is the units digit of g?
2
Let i = 11 - 14. Let o be (-18)/4 + (-1)/(-2). Let b = i - o. What is the units digit of b?
1
Suppose 6*y + 98 = 404. What is the tens digit of y?
5
Let a(i) = -i**3 - 7*i**2 + 6*i + 3. Let y = -24 - -16. What is the units digit of a(y)?
9
Let y(b) be the third derivative of -b**6/120 + b**5/12 + b**4/3 - 3*b**3/2 + b**2. Suppose -z - 6 = -2*z. What is the units digit of y(z)?
3
What is the tens digit of 28*(-4 + 1 + 6)?
8
Suppose -2 = b - 3*b. Suppose t = 22 + b. What is the tens digit of t?
2
Suppose -4*z + 10 = -2*z, 4*n + z = 17. What is the units digit of n?
3
Let w(z) = z**3 - z**2 + 1. Let p(f) = -2*f**3 + 12*f**2 - 2*f + 1. Let o(i) = p(i) + 3*w(i). What is the units digit of o(-9)?
2
Let f(w) be the third derivative of w**2 + 5/24*w**4 + 0*w**3 + 0 + 0*w. What is the units digit of f(1)?
5
Suppose -4*l = 4, 5*f - 4*l + 126 = -0*l. Let z = f + 47. What is the tens digit of z?
2
Let n be (-32)/12*3/(-2). Suppose -s = -n - 3. What is the units digit of s?
7
Let w(f) = -f + 7. Let p(q) = q - 5. Let s be p(-4). What is the units digit of w(s)?
6
Let o(p) = -p**3 - 7*p**2 + 8*p - 11. Let g be o(-8). Let x = g - -23. What is the tens digit of x?
1
Let s(k) = 6*k**2 - 4*k - 4. What is the tens digit of s(-2)?
2
Suppose 40 = 5*k - 3*l, l = 4*k - l - 30. Let g be (30/(-7))/(1/(-7)). Suppose -n + k*c = 10, 5*c = n - 4*n + g. What is the units digit of n?
5
Suppose 0*g - 185 = -5*g. Suppose d = o - g + 14, 124 = 5*o + 4*d. What is the tens digit of o?
2
Let j(d) = -3*d + 3 + 4*d - 2*d. Let z(m) = -5*m + 11. Let r(i) = -9*j(i) + 2*z(i). What is the units digit of r(-6)?
1
Let x(n) = 4*n**3 - n**2 + 3*n + 24. Let s(v) = -3*v**3 + v**2 - 2*v - 23. Let j(m) = -3*s(m) - 2*x(m). What is the tens digit of j(0)?
2
Suppose -5*f - x + 1 = x, 5*f - x = -8. Let k = f - -4. Suppose -k*m - 4*b = -8*m + 80, -5*b - 64 = -4*m. What is the tens digit of m?
1
Suppose 4*m + 6 = -5*g, -5*m - 14 = 5*g - 2*g. Let a be 402/12 - g/4. Let b = a - 21. What is the tens digit of b?
1
Suppose 2 + 0 = u. Suppose -u*f = 52 - 18. Let l = f - -29. What is the tens digit of l?
1
Suppose r + 0*r = -4*l, 0 = 2*l. Let q(m) = -m + 4. What is the units digit of q(r)?
4
Let y = 9 - 7. Suppose 0 = -y*i - i + 48. What is the units digit of i?
6
Let q be (-2 - (-3 + 5)) + 3. What is the tens digit of 1 - (-27)/(2 - q)?
1
Let u(f) = -9*f - 6. What is the units digit of u(-23)?
1
Let d = -223 + 347. What is the tens digit of d?
2
Suppose 0 = -2*v - 2*v + 32. Let c(z) = z**3 - 7*z**2 + 5*z + 3. Let m be c(6). Let g = m + v. What is the units digit of g?
5
Let o = 94 - -13. What is the units digit of o?
7
Suppose 2*k = -0*k + 74. What is the units digit of k?
7
Let o(z) be the third derivative of z**5/60 - z**4/8 + z**3/2 + 2*z**2. Let j be o(2). What is the units digit of 8 + j + (0 - 1)?
8
Suppose -17*o + 2079 = -10*o. What is the hundreds digit of o?
2
Suppose -25 = 5*v - 0*v, v = 4*z - 261. What is the units digit of z?
4
Let j(i) = 21*i**3 - 2*i**2 + 7*i + 3. Let w(z) = 11*z**3 - z**2 + 3*z + 1. Let m(n) = -2*j(n) + 5*w(n). What is the units digit of m(1)?
2
Suppose q - 192 = -7*q. What is the tens digit of q?
2
Let n = 15 - 10. Suppose n*s + 30 = 10*s. What is the units digit of (28/s)/(6/9)?
7
Suppose 4*s - 2*s + 18 = 0. What is the tens digit of -3 + -51*6/s?
3
Let b = 10 + -7. Suppose 5*u - 41 = -0*x + b*x, -3*x - 1 = -u. What is the tens digit of u?
1
Suppose 0 = -3*h + 2*h + 7. Suppose 3*n = h - 1. What is the tens digit of 11 - (-2 - (-6)/n)?
1
Suppose 8 = -4*h + 3*h. Let d be 30/h + (-4)/16. Let z = d - -10. What is the units digit of z?
6
Let f = 5 - 2. Suppose f*p - 4*w = -1, 3*w = -3*p - p + 32. What is the units digit of p?
5
Suppose -3*g + 20 = 2*g. Suppose -g*h + 66 = -42. What is the tens digit of h?
2
Suppose 3*s - 230 = 541. Suppose 331 = 5*d + 3*n, -3*d + s = -3*n + 44. Suppose 40 = 5*x - 5*z, 3*x = -x - 5*z + d. What is the tens digit of x?
1
Let d(v) = -v**2 + 16*v + 6. What is the units digit of d(15)?
1
Suppose -178 = -4*z + 170. What is the tens digit of ((-1)/1)/(-3)*z?
2
Suppose 4*f - 17*f = -26. What is the units digit of f?
2
Let p(s) = s**2 - 5*s + 1. Let k be p(3). What is the units digit of (-2)/2 - 65/k?
2
Let u(o) = -4*o - 4*o + 4*o + 34 + 3*o. What is the tens digit of u(0)?
3
Let c = -5 + 8. Suppose 4*y + 0*l - l - 5 = 0, -6 = c*y - 4*l. What is the units digit of y?
2
Let l be 108/(-8)*(-4 + 2). Let t be 2 + (l*-1 - -2). Let n = t - -34. What is the units digit of n?
1
Suppose 18 = j - 2*j. What is the units digit of 24/j*(-5 + -1)?
8
Suppose 7*t - 9*t + 64 = 0. What is the tens digit of t?
3
Let k(c) be the first derivative of 0*c - 1/2*c**2 - 2 + 2*c**3. What is the units digit of k(1)?
5
Suppose 0 = g + 4*z - 204, 3*g + 3*z = 352 + 287. What is the units digit of g?
6
Let y(b) be the third derivative of b**6/40 - b**5/15 + b**4/8 - b**3/3 + b**2. Let j be y(2). Let w = j + -6. What is the units digit of w?
6
Let b(u) = u**2 - u + 16. Suppose -7*o = -c - 2*o + 19, -5*o + 5 = 5*c. Suppose -c*x - x = 0. What is the tens digit of b(x)?
1
Let u be (6/(-4))/(18/(-120)). Suppose 3*d - 2 - u = 0, 5*d - 235 = -5*z. What is the units digit of z?
3
Suppose -3*k + 21 + 21 = 0. Suppose 0*w - w = -k. What is the units digit of w?
4
Suppose 0 = -c + 143 - 8. What is the units digit of c?
5
Suppose 2*q = 20 + 28. Suppose -4*d - q = -s, -3*d + 8*d = -2*s - 4. What is the units digit of s?
8
Let c be ((-6)/4)/((-8)/16). Suppose -f + 104 = c*f. What is the units digit of f?
6
Let g(n) = 3*n**3 - 4*n**2 + 4*n - 2. Let h be g(2). What is the units digit of (h - 5) + (-2)/(-1)?
1
What is the units digit of (-582)/(-30) - 2/5?
9
Suppose 456 = 4*m + 6*a - 2*a, 0 = 3*m - a - 354. Suppose 2*q + q - m = 0. What is the tens digit of q?
3
Let k = 207 + 3. What is the units digit of k?
0
Let j be (-48)/(-10) + 9/45. Suppose b + 28 = 2*b + 5*o, 0 = j*b -